
{"id":82461,"date":"2026-03-17T09:28:11","date_gmt":"2026-03-17T09:28:11","guid":{"rendered":"https:\/\/elicromchile.com\/?post_type=product&#038;p=82461"},"modified":"2026-03-17T09:28:11","modified_gmt":"2026-03-17T09:28:11","slug":"59347","status":"publish","type":"product","link":"https:\/\/elicromchile.com\/?product=59347","title":{"rendered":"Termohigr\u00f3metro digital para interiores y monitor de humedad con bluetooth"},"content":{"rendered":"<p>Especificaciones:<\/p>\n<p>-Modelo: TP350<br \/>\n-Certificaci\u00f3n: ESE<br \/>\n-Tipo de pantalla: Digital<br \/>\n-Unidades: Selector de \u00b0F\/\u00b0C<br \/>\n-Max Temperatura de Medici\u00f3n: 50 \u00b0 C-69 \u00b0 C<br \/>\n-Rango de temperatura: -4\u00b0F~140\u00b0F (-20\u00b0C ~ 60\u00b0C)<br \/>\n-Precisi\u00f3n de temperatura: +0,9\u00b0F~1.8\u00b0F (0,5\u00b0C~1,0\u00b0C)<br \/>\n-Rango de humedad: 10%~99%<br \/>\n-Precisi\u00f3n de la humedad: \u00b12% RH<br \/>\n-Frecuencia de actualizaci\u00f3n: 10 s<br \/>\n-R\u00e9cords altos y bajos: 24 horas<br \/>\n-Pantalla de confort: Seco Confort H\u00famedo<br \/>\n-Tama\u00f1o de la pantalla: 2.0-3.9 Pulgadas<br \/>\n-Alcance inal\u00e1mbrico de Bluetooth: 260 PIES\/80 M<br \/>\n-Bluetooth: Funci\u00f3n bluetooth inal\u00e1mbrica de 2.4GHZ, conexi\u00f3n a la aplicaci\u00f3n del tel\u00e9fono inteligente<br \/>\n-Alcance remoto de Bluetooth: 260 pies\/80 m en terreno abierto<\/p>\n","protected":false},"excerpt":{"rendered":"<p>Especificaciones: -Modelo: TP350 -Certificaci\u00f3n: ESE -Tipo de pantalla: Digital -Unidades: Selector de \u00b0F\/\u00b0C -Max Temperatura de Medici\u00f3n: 50 \u00b0 C-69 \u00b0 C -Rango de temperatura: -4\u00b0F~140\u00b0F (-20\u00b0C ~ 60\u00b0C) -Precisi\u00f3n<\/p>\n","protected":false},"featured_media":82622,"comment_status":"open","ping_status":"closed","template":"","meta":[],"product_brand":[],"product_cat":[],"product_tag":[],"class_list":{"0":"post-82461","1":"product","2":"type-product","3":"status-publish","4":"has-post-thumbnail","7":"first","8":"outofstock","9":"taxable","10":"shipping-taxable","11":"purchasable","12":"product-type-simple"},"yoast_head":"<!-- This site is optimized with the Yoast SEO plugin v27.4 - https:\/\/yoast.com\/product\/yoast-seo-wordpress\/ -->\n<title>Termohigr\u00f3metro digital para interiores y monitor de humedad con bluetooth - ELICROM<\/title>\n<meta name=\"robots\" content=\"index, follow, max-snippet:-1, max-image-preview:large, max-video-preview:-1\" \/>\n<link rel=\"canonical\" href=\"https:\/\/elicromchile.com\/?product=59347\" \/>\n<meta property=\"og:locale\" content=\"es_ES\" \/>\n<meta property=\"og:type\" content=\"article\" \/>\n<meta property=\"og:title\" content=\"Termohigr\u00f3metro digital para interiores y monitor de humedad con bluetooth - ELICROM\" \/>\n<meta property=\"og:description\" content=\"Especificaciones: -Modelo: TP350 -Certificaci\u00f3n: ESE -Tipo de pantalla: Digital -Unidades: Selector de \u00b0F\/\u00b0C -Max Temperatura de Medici\u00f3n: 50 \u00b0 C-69 \u00b0 C -Rango de temperatura: -4\u00b0F~140\u00b0F (-20\u00b0C ~ 60\u00b0C) -Precisi\u00f3n\" \/>\n<meta property=\"og:url\" content=\"https:\/\/elicromchile.com\/?product=59347\" \/>\n<meta property=\"og:site_name\" content=\"ELICROM\" \/>\n<meta property=\"og:image\" content=\"https:\/\/elicromchile.com\/wp-content\/uploads\/2026\/03\/59347-0.png\" \/>\n\t<meta property=\"og:image:width\" content=\"800\" \/>\n\t<meta property=\"og:image:height\" content=\"800\" \/>\n\t<meta property=\"og:image:type\" content=\"image\/png\" \/>\n<meta name=\"twitter:card\" content=\"summary_large_image\" \/>\n<meta name=\"twitter:label1\" content=\"Est. reading time\" \/>\n\t<meta name=\"twitter:data1\" content=\"1 minuto\" \/>\n<script type=\"application\/ld+json\" class=\"yoast-schema-graph\">{\"@context\":\"https:\\\/\\\/schema.org\",\"@graph\":[{\"@type\":\"WebPage\",\"@id\":\"https:\\\/\\\/elicromchile.com\\\/?product=59347\",\"url\":\"https:\\\/\\\/elicromchile.com\\\/?product=59347\",\"name\":\"Termohigr\u00f3metro digital para interiores y monitor de humedad con bluetooth - ELICROM\",\"isPartOf\":{\"@id\":\"https:\\\/\\\/elicromchile.com\\\/#website\"},\"primaryImageOfPage\":{\"@id\":\"https:\\\/\\\/elicromchile.com\\\/?product=59347#primaryimage\"},\"image\":{\"@id\":\"https:\\\/\\\/elicromchile.com\\\/?product=59347#primaryimage\"},\"thumbnailUrl\":\"https:\\\/\\\/elicromchile.com\\\/wp-content\\\/uploads\\\/2026\\\/03\\\/59347-0.png\",\"datePublished\":\"2026-03-17T09:28:11+00:00\",\"breadcrumb\":{\"@id\":\"https:\\\/\\\/elicromchile.com\\\/?product=59347#breadcrumb\"},\"inLanguage\":\"es\",\"potentialAction\":[{\"@type\":\"ReadAction\",\"target\":[\"https:\\\/\\\/elicromchile.com\\\/?product=59347\"]}]},{\"@type\":\"ImageObject\",\"inLanguage\":\"es\",\"@id\":\"https:\\\/\\\/elicromchile.com\\\/?product=59347#primaryimage\",\"url\":\"https:\\\/\\\/elicromchile.com\\\/wp-content\\\/uploads\\\/2026\\\/03\\\/59347-0.png\",\"contentUrl\":\"https:\\\/\\\/elicromchile.com\\\/wp-content\\\/uploads\\\/2026\\\/03\\\/59347-0.png\",\"width\":800,\"height\":800},{\"@type\":\"BreadcrumbList\",\"@id\":\"https:\\\/\\\/elicromchile.com\\\/?product=59347#breadcrumb\",\"itemListElement\":[{\"@type\":\"ListItem\",\"position\":1,\"name\":\"Home\",\"item\":\"https:\\\/\\\/elicromchile.com\\\/\"},{\"@type\":\"ListItem\",\"position\":2,\"name\":\"Productos\",\"item\":\"https:\\\/\\\/elicromchile.com\\\/?page_id=3853\"},{\"@type\":\"ListItem\",\"position\":3,\"name\":\"Termohigr\u00f3metro digital para interiores y monitor de humedad con bluetooth\"}]},{\"@type\":\"WebSite\",\"@id\":\"https:\\\/\\\/elicromchile.com\\\/#website\",\"url\":\"https:\\\/\\\/elicromchile.com\\\/\",\"name\":\"ELICROM\",\"description\":\"Especializados en actividades espec\u00edficas como son las \u00e1reas de Metrolog\u00eda, Medio Ambiente, Validaciones, Mantenimiento de Equipos de Laboratorio y Construcci\u00f3n\\\/Reformas de Laboratorios.\",\"publisher\":{\"@id\":\"https:\\\/\\\/elicromchile.com\\\/#organization\"},\"potentialAction\":[{\"@type\":\"SearchAction\",\"target\":{\"@type\":\"EntryPoint\",\"urlTemplate\":\"https:\\\/\\\/elicromchile.com\\\/?s={search_term_string}\"},\"query-input\":{\"@type\":\"PropertyValueSpecification\",\"valueRequired\":true,\"valueName\":\"search_term_string\"}}],\"inLanguage\":\"es\"},{\"@type\":\"Organization\",\"@id\":\"https:\\\/\\\/elicromchile.com\\\/#organization\",\"name\":\"ELICROM\",\"url\":\"https:\\\/\\\/elicromchile.com\\\/\",\"logo\":{\"@type\":\"ImageObject\",\"inLanguage\":\"es\",\"@id\":\"https:\\\/\\\/elicromchile.com\\\/#\\\/schema\\\/logo\\\/image\\\/\",\"url\":\"\",\"contentUrl\":\"\",\"caption\":\"ELICROM\"},\"image\":{\"@id\":\"https:\\\/\\\/elicromchile.com\\\/#\\\/schema\\\/logo\\\/image\\\/\"}}]}<\/script>\n<!-- \/ Yoast SEO plugin. -->","yoast_head_json":{"title":"Termohigr\u00f3metro digital para interiores y monitor de humedad con bluetooth - ELICROM","robots":{"index":"index","follow":"follow","max-snippet":"max-snippet:-1","max-image-preview":"max-image-preview:large","max-video-preview":"max-video-preview:-1"},"canonical":"https:\/\/elicromchile.com\/?product=59347","og_locale":"es_ES","og_type":"article","og_title":"Termohigr\u00f3metro digital para interiores y monitor de humedad con bluetooth - ELICROM","og_description":"Especificaciones: -Modelo: TP350 -Certificaci\u00f3n: ESE -Tipo de pantalla: Digital -Unidades: Selector de \u00b0F\/\u00b0C -Max Temperatura de Medici\u00f3n: 50 \u00b0 C-69 \u00b0 C -Rango de temperatura: -4\u00b0F~140\u00b0F (-20\u00b0C ~ 60\u00b0C) -Precisi\u00f3n","og_url":"https:\/\/elicromchile.com\/?product=59347","og_site_name":"ELICROM","og_image":[{"width":800,"height":800,"url":"https:\/\/elicromchile.com\/wp-content\/uploads\/2026\/03\/59347-0.png","type":"image\/png"}],"twitter_card":"summary_large_image","twitter_misc":{"Est. reading time":"1 minuto"},"schema":{"@context":"https:\/\/schema.org","@graph":[{"@type":"WebPage","@id":"https:\/\/elicromchile.com\/?product=59347","url":"https:\/\/elicromchile.com\/?product=59347","name":"Termohigr\u00f3metro digital para interiores y monitor de humedad con bluetooth - ELICROM","isPartOf":{"@id":"https:\/\/elicromchile.com\/#website"},"primaryImageOfPage":{"@id":"https:\/\/elicromchile.com\/?product=59347#primaryimage"},"image":{"@id":"https:\/\/elicromchile.com\/?product=59347#primaryimage"},"thumbnailUrl":"https:\/\/elicromchile.com\/wp-content\/uploads\/2026\/03\/59347-0.png","datePublished":"2026-03-17T09:28:11+00:00","breadcrumb":{"@id":"https:\/\/elicromchile.com\/?product=59347#breadcrumb"},"inLanguage":"es","potentialAction":[{"@type":"ReadAction","target":["https:\/\/elicromchile.com\/?product=59347"]}]},{"@type":"ImageObject","inLanguage":"es","@id":"https:\/\/elicromchile.com\/?product=59347#primaryimage","url":"https:\/\/elicromchile.com\/wp-content\/uploads\/2026\/03\/59347-0.png","contentUrl":"https:\/\/elicromchile.com\/wp-content\/uploads\/2026\/03\/59347-0.png","width":800,"height":800},{"@type":"BreadcrumbList","@id":"https:\/\/elicromchile.com\/?product=59347#breadcrumb","itemListElement":[{"@type":"ListItem","position":1,"name":"Home","item":"https:\/\/elicromchile.com\/"},{"@type":"ListItem","position":2,"name":"Productos","item":"https:\/\/elicromchile.com\/?page_id=3853"},{"@type":"ListItem","position":3,"name":"Termohigr\u00f3metro digital para interiores y monitor de humedad con bluetooth"}]},{"@type":"WebSite","@id":"https:\/\/elicromchile.com\/#website","url":"https:\/\/elicromchile.com\/","name":"ELICROM","description":"Especializados en actividades espec\u00edficas como son las \u00e1reas de Metrolog\u00eda, Medio Ambiente, Validaciones, Mantenimiento de Equipos de Laboratorio y Construcci\u00f3n\/Reformas de Laboratorios.","publisher":{"@id":"https:\/\/elicromchile.com\/#organization"},"potentialAction":[{"@type":"SearchAction","target":{"@type":"EntryPoint","urlTemplate":"https:\/\/elicromchile.com\/?s={search_term_string}"},"query-input":{"@type":"PropertyValueSpecification","valueRequired":true,"valueName":"search_term_string"}}],"inLanguage":"es"},{"@type":"Organization","@id":"https:\/\/elicromchile.com\/#organization","name":"ELICROM","url":"https:\/\/elicromchile.com\/","logo":{"@type":"ImageObject","inLanguage":"es","@id":"https:\/\/elicromchile.com\/#\/schema\/logo\/image\/","url":"","contentUrl":"","caption":"ELICROM"},"image":{"@id":"https:\/\/elicromchile.com\/#\/schema\/logo\/image\/"}}]}},"_links":{"self":[{"href":"https:\/\/elicromchile.com\/index.php?rest_route=\/wp\/v2\/product\/82461","targetHints":{"allow":["GET"]}}],"collection":[{"href":"https:\/\/elicromchile.com\/index.php?rest_route=\/wp\/v2\/product"}],"about":[{"href":"https:\/\/elicromchile.com\/index.php?rest_route=\/wp\/v2\/types\/product"}],"replies":[{"embeddable":true,"href":"https:\/\/elicromchile.com\/index.php?rest_route=%2Fwp%2Fv2%2Fcomments&post=82461"}],"wp:featuredmedia":[{"embeddable":true,"href":"https:\/\/elicromchile.com\/index.php?rest_route=\/wp\/v2\/media\/82622"}],"wp:attachment":[{"href":"https:\/\/elicromchile.com\/index.php?rest_route=%2Fwp%2Fv2%2Fmedia&parent=82461"}],"wp:term":[{"taxonomy":"product_brand","embeddable":true,"href":"https:\/\/elicromchile.com\/index.php?rest_route=%2Fwp%2Fv2%2Fproduct_brand&post=82461"},{"taxonomy":"product_cat","embeddable":true,"href":"https:\/\/elicromchile.com\/index.php?rest_route=%2Fwp%2Fv2%2Fproduct_cat&post=82461"},{"taxonomy":"product_tag","embeddable":true,"href":"https:\/\/elicromchile.com\/index.php?rest_route=%2Fwp%2Fv2%2Fproduct_tag&post=82461"}],"curies":[{"name":"wp","href":"https:\/\/api.w.org\/{rel}","templated":true}]}}